ded by 23.
2
Calculate the remainder when 106099 is divided by 34162.
3613
What is the remainder when 49087651 is divided by 17?
15
Calculate the remainder when 5723 is divided by 119.
11
What is the remainder when 13587213 is divided by 2730?
3
Calculate the remainder when 938832905 is divided by 10461.
10460
Calculate the remainder when 1208778077 is divided by 16.
13
Calculate the remainder when 1725784 is divided by 65.
34
What is the remainder when 26188453 is divided by 260?
213
Calculate the remainder when 1540486 is divided by 207.
199
Calculate the remainder when 378512 is divided by 94540.
352
What is the remainder when 107573 is divided by 21221?
1468
What is the remainder when 2318350 is divided by 237?
16
What is the remainder when 201420 is divided by 8702?
1274
Calculate the remainder when 741735 is divided by 17249.
28
What is the remainder when 44081282 is divided by 1296508?
10
What is the remainder when 7814754 is divided by 976837?
58
What is the remainder when 455430 is divided by 276?
30
Calculate the remainder when 246890744 is divided by 51.
50
What is the remainder when 14079798 is divided by 42926?
70
Calculate the remainder when 10457399 is divided by 530.
499
Calculate the remainder when 165951 is divided by 41308.
719
Calculate the remainder when 900779 is divided by 218.
3
What is the remainder when 1068548 is divided by 195?
143
What is the remainder when 975145 is divided by 10714?
171
Calculate the remainder when 140948 is divided by 17611.
60
What is the remainder when 1439853 is divided by 1616?
1613
What is the remainder when 1545810 is divided by 90930?
0
Calculate the remainder when 183667 is divided by 10171.
589
What is the remainder when 7774123 is divided by 419?
416
What is the remainder when 639833 is divided by 70973?
1076
Calculate the remainder when 26374753 is divided by 179.
177
What is the remainder when 92401508 is divided by 58519?
7
What is the remainder when 124705663 is divided by 15?
13
Calculate the remainder when 24864141 is divided by 108577.
8
What is the remainder when 17493350 is divided by 406822?
4
What is the remainder when 151401787 is divided by 2276?
2267
Calculate the remainder when 368760 is divided by 91.
28
Calculate the remainder when 13468087 is divided by 2693593.
122
What is the remainder when 73524 is divided by 1816?
884
Calculate the remainder when 16057979 is divided by 1605797.
9
Calculate the remainder when 5261552 is divided by 187912.
16
What is the remainder when 7688694 is divided by 45?
39
Calculate the remainder when 647997 is divided by 320.
317
Calculate the remainder when 819753 is divided by 819676.
77
Calculate the remainder when 42351 is divided by 441.
15
Calculate the remainder when 13633748 is divided by 4544579.
11
Calculate the remainder when 4263719 is divided by 58407.
8
Calculate the remainder when 5258367 is divided by 28.
23
Calculate the remainder when 1170404 is divided by 130008.
332
Calculate the remainder when 34891206 is divided by 265.
246
What is the remainder when 1010476 is divided by 336823?
7
Calculate the remainder when 93461 is divided by 6992.
2565
What is the remainder when 5849149 is divided by 208898?
5
What is the remainder when 16474028 is divided by 440?
428
What is the remainder when 118004 is divided by 117918?
86
What is the remainder when 264073 is divided by 10991?
289
What is the remainder when 1135768 is divided by 334?
168
What is the remainder when 336448 is divided by 677?
656
What is the remainder when 13765927 is divided by 967?
682
What is the remainder when 4067426 is divided by 4067412?
14
What is the remainder when 3455447 is divided by 575907?
5
What is the remainder when 4090084 is divided by 230?
224
Calculate the remainder when 15652314 is divided by 2608689.
180
What is the remainder when 21436244 is divided by 1250?
1244
Calculate the remainder when 1034531 is divided by 93767.
3094
What is the remainder when 447513 is divided by 9299?
1161
What is the remainder when 1326003 is divided by 441979?
66
What is the remainder when 133089 is divided by 22178?
21
What is the remainder when 25241199 is divided by 16433?
111
Calculate the remainder when 305170 is divided by 1419.
85
Calculate the remainder when 2650028 is divided by 139475.
3
What is the remainder when 77294 is divided by 405?
344
What is the remainder when 372042 is divided by 185655?
732
Calculate the remainder when 2058392 is divided by 153.
83
Calculate the remainder when 2780655 is divided by 308954.
69
What is the remainder when 80205 is divided by 40098?
9
Calculate the remainder when 6995085 is divided by 1036.
13
What is the remainder when 549099 is divided by 81?
0
What is the remainder when 10908016 is divided by 10907991?
25
Calculate the remainder when 8821760 is divided by 53.
16
What is the remainder when 25805922 is divided by 462?
450
What is the remainder when 118780 is divided by 880?
860
Calculate the remainder when 14888 is divided by 1966.
1126
What is the remainder when 127968 is divided by 1998?
96
Calculate the remainder when 6361415 is divided by 6960.
6935
Calculate the remainder when 8236 is divided by 3531.
1174
Calculate the remainder when 6759375 is divided by 3379597.
181
Calculate the remainder when 447905 is divided by 149260.
125
Calculate the remainder when 22953694 is divided by 290553.
7
What is the remainder when 50436 is divided by 366?
294
Calculate the remainder when 1243063 is divided by 6440.
143
What is the remainder when 117050 is divided by 35182?
11504
Calculate the remainder when 41308395 is divided by 107.
82
Calculate the remainder when 6163873 is divided by 51.
13
What is the remainder when 11655787 is divided by 154?
143
What is the remainder when 945059 is divided by 1864?
11
Calculate the remainder when 22864965 is divided by 99847.
2
What is the remainder when 3497 is divided by 1052?
341
Calculate the remainder when 1563677 is divided by 781827.
23
What is the remainder when 13396244 is divided by 8913?
5
What is the remainder when 50021 is divided by 562?
3
Calculate the remainder when 3686131 is divided by 1445.
1381
Calculate the remainder when 2739 is divided by 2223.
516
What is the remainder when 1015581 is divided by 19159?
154
Calculate the remainder when 10382 is divided by 6657.
3725
Calculate the remainder when 25176 is divided by 7878.
1542
What is the remainder when 4038671 is divided by 448700?
371
Calculate the remainder when 57281 is divided by 200.
81
Calculate the remainder when 99726 is divided by 480.
366
What is the remainder when 1329611 is divided by 3735?
3686
Calculate the remainder when 1455478 is divided by 6863.
522
Calculate the remainder when 613299 is divided by 427.
127
What is the remainder when 388591 is divided by 6476?
31
Calculate the remainder when 51138636 is divided by 11.
10
Calculate the remainder when 1320872 is divided by 440250.
122
Calculate the remainder when 66300290 is divided by 3663.
3653
Calculate the remainder when 333336 is divided by 817.
0
Calculate the remainder when 1012023 is divided by 337228.
339
What is the remainder when 1819399 is divided by 79085?
444
What is the remainder when 851679 is divided by 1058?
1047
Calculate the remainder when 2713688 is divided by 15686.
10
What is the remainder when 137620 is divided by 143?
54
Calculate the remainder when 27209326 is divided by 54.
22
What is the remainder when 259003 is divided by 887?
886
What is the remainder when 38241761 is divided by 4889?
3
Calculate the remainder when 413483 is divided by 137699.
386
What is the remainder when 89861 is divided by 22189?
1105
Calculate the remainder when 818167 is divided by 13867.
14
Calculate the remainder when 86331 is divided by 37600.
11131
Calculate the remainder when 476487 is divided by 106.
17
Calculate the remainder when 50603114 is divided by 63.
2
What is the remainder when 4155319 is divided by 513?
19
Calculate the remainder when 2791699 is divided by 1395845.
9
Calculate the remainder when 40876 is divided by 31.
18
Calculate the remainder when 18347 is divided by 3235.
2172
What is the remainder when 33160 is divided by 10308?
2236
Calculate the remainder when 102766 is divided by 1080.
166
What is the remainder w